- 33 = -9*g. Let o = 5 - 3. Calculate the remainder when 43/o*(-2 - -4) is divided by g.
10
Let d = 22 - 12. Let s = d - 3. Let f = 1 + 1. What is the remainder when s is divided by f?
1
Suppose 3*i + 16 = w, -3*w + 52 = -i - 4*i. Suppose 0 = -4*p + 4, -3*l + 4*p = -19 - w. What is the remainder when 27 is divided by l?
13
Let c(r) = r. Let y be c(3). Suppose k - 6 = -3*h, 4*h - y - 13 = -4*k. Calculate the remainder when 9 is divided by k.
0
Let o = -20 - -37. What is the remainder when 67 is divided by o?
16
Let m = 28 - 14. Let y = -15 - -10. What is the remainder when m is divided by 1/y - (-205)/25?
6
Let s = -7 + 10. Calculate the remainder when 4 is divided by s.
1
Suppose 371*v - 88 = 363*v. Calculate the remainder when (42/(-4))/((-3)/6) is divided by v.
10
Let b = 10 - 7. What is the remainder when 9 is divided by b?
0
Suppose -6*g = -2*g - 40. What is the remainder when ((-27)/4)/((-1)/4) is divided by g?
7
Calculate the remainder when ((-27)/(-6))/(1/10) is divided by 23.
22
Let b(i) = -13*i**3 - 2*i**2 - 2*i - 1. Suppose 5 = 3*o - 10. Suppose 4*l - 6 = 6, g = 4*l - o. What is the remainder when b(-1) is divided by g?
5
Let c(t) = t**2 - 5*t + 8. Let k be 0 + 3/3 + 9. Calculate the remainder when c(k) is divided by 20.
18
Suppose 0 = 4*m - 5*l - 161, 3*m - 155 = -m - l. Let h = 6 + -4. Suppose -8 = -h*c + 12. Calculate the remainder when m is divided by c.
9
Suppose 94 + 20 = 6*x. What is the remainder when 113 is divided by x?
18
Suppose 0 = u + 3*u. What is the remainder when 39 is divided by -2 + u + 0 - -12?
9
Calculate the remainder when 3 + 133 + 1 + -2 is divided by 34.
33
What is the remainder when 2/(-6) + (-130)/(-3) is divided by 23?
20
Let s = -135 + 170. Calculate the remainder when s is divided by 4.
3
Suppose -p - 3 = -1. Calculate the remainder when 195/6 + 6/(-4) - 1 is divided by 0 - 32/p - 0.
14
Suppose -3*f = 5*m - 192, 2*m - f = 75 + 4. Let c(s) = -s. Let u be c(0). Suppose u*v + 5*v - 50 = 0. Calculate the remainder when m is divided by v.
9
Let k(w) be the first derivative of -39*w**4/2 - w**3/3 + w**2/2 + w - 1. Let c = 35 + -15. What is the remainder when k(-1) is divided by c?
17
Let a(y) = 2*y - 5. Suppose 0 = x + x - 3*i - 22, 4*i = -4*x + 24. What is the remainder when a(x) is divided by 7?
4
Suppose -1 = j - 5*l, 6*l = 4*l + 4. What is the remainder when 15 is divided by j?
6
Let z = -9 - -6. Calculate the remainder when 43 is divided by 23 - (0 - (2 + z)).
21
Suppose 9 = 2*h - a, -24 + 10 = 3*h + 4*a. Let u(i) = -i**2 - 5*i + 6. Let w be u(-6). Suppose -3*y + 0*y + 3 = w. What is the remainder when h is divided by y?
0
Suppose -4*f + 5*f - 56 = -2*q, 4*q = -4*f + 224. Let s = -23 + f. Suppose -s = -3*n - 12. What is the remainder when 18 is divided by n?
4
Suppose -3*q + 68 + 61 = 0. Let z = q - 17. Calculate the remainder when z is divided by (-14)/6*6*-1.
12
Suppose -12 = 4*z - z. Let d(g) = 2*g**2 + 5*g + 5. Let r(f) = -11*f + 5. Calculate the remainder when r(-4) is divided by d(z).
15
Let s be 1 - (-2 - -1)*3. Let a = 8 + s. Suppose -y + 5*y = a. What is the remainder when 5 is divided by y?
2
Calculate the remainder when (-7 + (3 - 1))*-5 is divided by 13.
12
Let q = 86 + -32. Let h = q - 31. Let u = h - 15. Calculate the remainder when 23 is divided by u.
7
Let n = 6 + -2. Suppose -n*d = -35 - 45. What is the remainder when d is divided by 11?
9
Let h = 13 + 3. What is the remainder when ((-3)/(-9))/(3/405) is divided by h?
13
Let v(b) be the second derivative of -3*b**5/10 + b**3/3 - b**2/2 + b. Let g be v(-4). Calculate the remainder when g/12 - 2/8 is divided by 11.
9
Let d be 7/2 + 1/2. Suppose -3*s + d = -s. What is the remainder when ((-43)/(-2))/(s/4) is divided by 22?
21
Let y(t) = t**2 + 25*t - 50. Calculate the remainder when y(-27) is divided by 1.
0
Suppose 5*b = 2*p - 8, 4*p - b - 9 = 25. What is the remainder when p is divided by 6?
3
Let g(u) = -u**3 + u**2 + 4*u + 2. Suppose 3*i = -2*p - 5, 2*p - 16 = -0*i + 4*i. Calculate the remainder when g(i) is divided by 12*6/32*4.
8
Let d = -6 - -9. Suppose 0*m - 5*m + 15 = 0. Calculate the remainder when m is divided by d.
0
Let l be (-16)/(-7) + 12/(-42). Let b be 296/l + (-2)/(-1). Suppose 5*f - b = -0*f. Calculate the remainder when f is divided by 11.
8
Let q = 1 + -3. Calculate the remainder when q*1*-1*22 is divided by 3/2*138/9.
21
Suppose -3*k = -5*k + 46. Suppose 2*d = -0*d + 10. Calculate the remainder when k is divided by d.
3
Let j(h) = -1 + 0*h + 5*h - 2*h. Calculate the remainder when j(2) is divided by 3/6 - (-6)/4.
1
Suppose 6 = 7*f - 113. Calculate the remainder when 47 is divided by f.
13
Suppose 5*t - 109 = 6. Calculate the remainder when t is divided by 9.
5
Let o be -1 + (2 - (-1)/1). Suppose -3*w = -7 - 8. Suppose 0 = -w*l - o*d + 31, l + 2*d - 5 = d. What is the remainder when 11 is divided by l?
4
Let z(n) = n**3 - 2*n**2 - 4*n + 2. Let g be z(3). Calculate the remainder when 41 is divided by g*(-1)/(-1)*-11.
8
Let t be (-4)/(-8) - (-507)/6. Suppose 4*g + 162 = 2*i, -3*i + 148 = 4*g - t. Calculate the remainder when i is divided by 20.
19
Suppose 4*f - 11 = -3. Suppose 0 = 5*k + 5*w + 5 - 0, 3*k = -f*w. Calculate the remainder when 10 is divided by k - -5 - (1 + 0).
4
Suppose 4 - 24 = -5*o. Suppose 0*p + 88 = 4*p + o*l, -15 = 3*l. What is the remainder when p is divided by 10?
7
Let o(x) = -11*x**3 + 4*x**2 + 3*x + 1. Let v(r) = 6*r**3 - 2*r**2 - 2*r - 1. Let i(y) = -3*o(y) - 5*v(y). What is the remainder when i(2) is divided by 7?
6
Suppose -2*k + 23 = -13. Let b = -6 - -9. Suppose -230 = -b*n - 74. What is the remainder when n is divided by k?
16
Suppose -8 = 3*h - 7*h. Suppose 2*w - 4*w = g - 6, -4*w + 5*g = h. Suppose 28 = 5*s + w*u + u, 0 = -2*u + 2. Calculate the remainder when 13 is divided by s.
3
Let w(x) = -x**3 - x**2 - 3*x + 1. What is the remainder when (-1 - -4)/(-3)*-111 is divided by w(-3)?
27
Suppose b + 78 = 4*b. Calculate the remainder when (-4 + 1)*b/(-6) is divided by ((-1)/(-1))/((-2)/(-14)).
6
Let d = -18 + 21. What is the remainder when 7 is divided by d?
1
Suppose -44 = 3*i - 311. What is the remainder when i is divided by 32?
25
Let w(v) = -v + 2*v**2 - 6 + 3*v + 0*v. Calculate the remainder when w(4) is divided by 12.
10
Let h be (2 - 34) + -1 + -1. Let f = 74 + h. What is the remainder when f is divided by 8/(-10)*245/(-14)?
12
Let l(v) = v**2 - 2. Suppose c + 7 = -2*y, 4*c - 6*c - 12 = 2*y. What is the remainder when 45 is divided by l(c)?
22
Suppose -b = -5*t + 5, -2*t + 3*b - 7 = 2*t. Suppose -11 = -6*y + 1. Calculate the remainder when t is divided by y.
0
Suppose -3*g = -t + 15, 4 = -5*t - 3*g + 25. Suppose h - 85 = -5*z, 2*z + 3*h - 50 = -3. What is the remainder when z is divided by t?
4
Suppose 0 = -p + 6*p + k - 200, 3*p = -3*k + 132. What is the remainder when p is divided by 10?
9
Let t be (-2)/(-4) - (-33)/6. Let v(c) = 3*c - 9. What is the remainder when 24 is divided by v(t)?
6
Let r = -42 - -44. Suppose 0 = -4*x + 13 + 3. Calculate the remainder when x is divided by r.
0
Let k = 10 + -3. Suppose -k*n = -3*n + 108. Let y = n - -41. What is the remainder when 27 is divided by y?
13
Let z = 17 + 0. What is the remainder when z is divided by (-4 + 13)/((4 - 1)/3)?
8
Let v be (-11)/(-2) - (-3)/(-6). Suppose 0 = 3*m + u - 0*u - 69, v*u - 59 = -2*m. What is the remainder when (-4)/(-6) - (-635)/15 is divided by m?
21
Let o be 1/(3/((-45)/3)). Let c = -3 - o. Suppose 3*k - 30 = -c*k. What is the remainder when 11 is divided by k?
5
Let b(j) be the third derivative of j**6/120 + j**5/60 + 2*j**3 + 2*j**2. Calculate the remainder when 33 is divided by b(0).
9
Suppose 5*j + 1 = 16. Let g(l) = 7*l**2 + l**j - l**2 - 5 + 0 - 4*l. What is the remainder when 36 is divided by g(-6)?
17
Calculate the remainder when 23 is divided by 4 + 0 + (-6)/3 + 6.
7
Let x = 4 + 1. Let c = 8 - x. What is the remainder when (-1)/(0 - c/48) is divided by 6?
4
Let c(r) = 3*r**3 - 15*r**2 + 4 - 5*r**3 - 14*r + r**3. Calculate the remainder when 13 is divided by c(-14).
1
Suppose -2*l + l + 77 = 0. Suppose -5*z - l = -237. What is the remainder when z is divided by 11?
10
Let m be 1 + 4 + (1 - 3). Suppose -k = -r + 51, k + 161 = m*r + 6*k. What is the remainder when r is divided by 18?
16
Suppose l = -